{"id":3005,"date":"2025-09-30T08:13:57","date_gmt":"2025-09-30T06:13:57","guid":{"rendered":"https:\/\/madachkollegium.hu\/?page_id=3005"},"modified":"2025-11-04T09:39:44","modified_gmt":"2025-11-04T08:39:44","slug":"szmk","status":"publish","type":"page","link":"https:\/\/madachkollegium.hu\/index.php\/szmk\/","title":{"rendered":"SZMK"},"content":{"rendered":"\t\t<div data-elementor-type=\"wp-page\" data-elementor-id=\"3005\" class=\"elementor elementor-3005\" data-elementor-post-type=\"page\">\n\t\t\t\t<div class=\"elementor-element elementor-element-aeeb13f e-flex e-con-boxed e-con e-parent\" data-id=\"aeeb13f\" data-element_type=\"container\">\n\t\t\t\t\t<div class=\"e-con-inner\">\n\t\t\t\t<div class=\"elementor-element elementor-element-98b8033 elementor-widget elementor-widget-heading\" data-id=\"98b8033\" data-element_type=\"widget\" data-widget_type=\"heading.default\">\n\t\t\t\t<div class=\"elementor-widget-container\">\n\t\t\t\t\t<h2 class=\"elementor-heading-title elementor-size-default\">Sz\u00fcl\u0151i Munkak\u00f6z\u00f6ss\u00e9g<\/h2>\t\t\t\t<\/div>\n\t\t\t\t<\/div>\n\t\t\t\t\t<\/div>\n\t\t\t\t<\/div>\n\t\t<div class=\"elementor-element elementor-element-bfb0d4b e-flex e-con-boxed e-con e-parent\" data-id=\"bfb0d4b\" data-element_type=\"container\">\n\t\t\t\t\t<div class=\"e-con-inner\">\n\t\t\t\t<div class=\"elementor-element elementor-element-e2b7e26 elementor-widget elementor-widget-text-editor\" data-id=\"e2b7e26\" data-element_type=\"widget\" data-widget_type=\"text-editor.default\">\n\t\t\t\t<div class=\"elementor-widget-container\">\n\t\t\t\t\t\t\t\t\t<p>12.D. &#8211;\u00a0 Kutka Andrea<\/p><p>11.D. &#8211; M\u00e9sz\u00e1rosn\u00e9 Honti Hajnalka, Tak\u00e1csn\u00e9 Erdei M\u00f3nika<\/p><p>10.D. &#8211; Lakatosn\u00e9 Farkar Ren\u00e1ta, Medved J\u00f3zsef<\/p><p>9.D. &#8211; G\u00e1sp\u00e1r Barbara, W\u00e1gner Vivien Vikt\u00f3ria<\/p><p>9\/AJTP\u00a0 Ol\u00e1h Ilona, Urb\u00e1n Nagy Krisztina<\/p><p>Pet\u0151fi &#8211;\u00a0 Par\u00e1di Norbert, M\u00e1rton M\u00f3nika<\/p>\t\t\t\t\t\t\t\t<\/div>\n\t\t\t\t<\/div>\n\t\t\t\t\t<\/div>\n\t\t\t\t<\/div>\n\t\t\t\t<\/div>\n\t\t","protected":false},"excerpt":{"rendered":"<p>Sz\u00fcl\u0151i Munkak\u00f6z\u00f6ss\u00e9g 12.D. &#8211;\u00a0 Kutka Andrea 11.D. &#8211; M\u00e9sz\u00e1rosn\u00e9 Honti Hajnalka, Tak\u00e1csn\u00e9 Erdei M\u00f3nika 10.D. &#8211; Lakatosn\u00e9 Farkar Ren\u00e1ta, Medved J\u00f3zsef 9.D. &#8211; G\u00e1sp\u00e1r Barbara, W\u00e1gner Vivien Vikt\u00f3ria 9\/AJTP\u00a0 Ol\u00e1h Ilona, Urb\u00e1n Nagy Krisztina Pet\u0151fi &#8211;\u00a0 Par\u00e1di Norbert, M\u00e1rton M\u00f3nika<\/p>\n","protected":false},"author":1,"featured_media":0,"parent":0,"menu_order":0,"comment_status":"closed","ping_status":"closed","template":"","meta":{"footnotes":""},"class_list":["post-3005","page","type-page","status-publish","hentry"],"yoast_head":"<!-- This site is optimized with the Yoast SEO plugin v26.6 - https:\/\/yoast.com\/wordpress\/plugins\/seo\/ -->\n<title>SZMK - .<\/title>\n<meta name=\"robots\" content=\"index, follow, max-snippet:-1, max-image-preview:large, max-video-preview:-1\" \/>\n<link rel=\"canonical\" href=\"https:\/\/madachkollegium.hu\/index.php\/szmk\/\" \/>\n<meta property=\"og:locale\" content=\"hu_HU\" \/>\n<meta property=\"og:type\" content=\"article\" \/>\n<meta property=\"og:title\" content=\"SZMK - .\" \/>\n<meta property=\"og:description\" content=\"Sz\u00fcl\u0151i Munkak\u00f6z\u00f6ss\u00e9g 12.D. &#8211;\u00a0 Kutka Andrea 11.D. &#8211; M\u00e9sz\u00e1rosn\u00e9 Honti Hajnalka, Tak\u00e1csn\u00e9 Erdei M\u00f3nika 10.D. &#8211; Lakatosn\u00e9 Farkar Ren\u00e1ta, Medved J\u00f3zsef 9.D. &#8211; G\u00e1sp\u00e1r Barbara, W\u00e1gner Vivien Vikt\u00f3ria 9\/AJTP\u00a0 Ol\u00e1h Ilona, Urb\u00e1n Nagy Krisztina Pet\u0151fi &#8211;\u00a0 Par\u00e1di Norbert, M\u00e1rton M\u00f3nika\" \/>\n<meta property=\"og:url\" content=\"https:\/\/madachkollegium.hu\/index.php\/szmk\/\" \/>\n<meta property=\"og:site_name\" content=\".\" \/>\n<meta property=\"article:publisher\" content=\"https:\/\/www.facebook.com\/madachkollegium\" \/>\n<meta property=\"article:modified_time\" content=\"2025-11-04T08:39:44+00:00\" \/>\n<meta name=\"twitter:card\" content=\"summary_large_image\" \/>\n<meta name=\"twitter:label1\" content=\"Becs\u00fclt olvas\u00e1si id\u0151\" \/>\n\t<meta name=\"twitter:data1\" content=\"1 perc\" \/>\n<script type=\"application\/ld+json\" class=\"yoast-schema-graph\">{\"@context\":\"https:\/\/schema.org\",\"@graph\":[{\"@type\":\"WebPage\",\"@id\":\"https:\/\/madachkollegium.hu\/index.php\/szmk\/\",\"url\":\"https:\/\/madachkollegium.hu\/index.php\/szmk\/\",\"name\":\"SZMK - .\",\"isPartOf\":{\"@id\":\"https:\/\/madachkollegium.hu\/#website\"},\"datePublished\":\"2025-09-30T06:13:57+00:00\",\"dateModified\":\"2025-11-04T08:39:44+00:00\",\"breadcrumb\":{\"@id\":\"https:\/\/madachkollegium.hu\/index.php\/szmk\/#breadcrumb\"},\"inLanguage\":\"hu\",\"potentialAction\":[{\"@type\":\"ReadAction\",\"target\":[\"https:\/\/madachkollegium.hu\/index.php\/szmk\/\"]}]},{\"@type\":\"BreadcrumbList\",\"@id\":\"https:\/\/madachkollegium.hu\/index.php\/szmk\/#breadcrumb\",\"itemListElement\":[{\"@type\":\"ListItem\",\"position\":1,\"name\":\"Kezd\u0151lap\",\"item\":\"https:\/\/madachkollegium.hu\/\"},{\"@type\":\"ListItem\",\"position\":2,\"name\":\"SZMK\"}]},{\"@type\":\"WebSite\",\"@id\":\"https:\/\/madachkollegium.hu\/#website\",\"url\":\"https:\/\/madachkollegium.hu\/\",\"name\":\"www.madachkollegium.hu\",\"description\":\"\",\"publisher\":{\"@id\":\"https:\/\/madachkollegium.hu\/#organization\"},\"potentialAction\":[{\"@type\":\"SearchAction\",\"target\":{\"@type\":\"EntryPoint\",\"urlTemplate\":\"https:\/\/madachkollegium.hu\/?s={search_term_string}\"},\"query-input\":{\"@type\":\"PropertyValueSpecification\",\"valueRequired\":true,\"valueName\":\"search_term_string\"}}],\"inLanguage\":\"hu\"},{\"@type\":\"Organization\",\"@id\":\"https:\/\/madachkollegium.hu\/#organization\",\"name\":\"Mad\u00e1ch Koll\u00e9gium Balassagyarmat\",\"url\":\"https:\/\/madachkollegium.hu\/\",\"logo\":{\"@type\":\"ImageObject\",\"inLanguage\":\"hu\",\"@id\":\"https:\/\/madachkollegium.hu\/#\/schema\/logo\/image\/\",\"url\":\"https:\/\/madachkollegium.hu\/wp-content\/uploads\/2021\/10\/cropped-cimer4_160x160.jpg\",\"contentUrl\":\"https:\/\/madachkollegium.hu\/wp-content\/uploads\/2021\/10\/cropped-cimer4_160x160.jpg\",\"width\":160,\"height\":160,\"caption\":\"Mad\u00e1ch Koll\u00e9gium Balassagyarmat\"},\"image\":{\"@id\":\"https:\/\/madachkollegium.hu\/#\/schema\/logo\/image\/\"},\"sameAs\":[\"https:\/\/www.facebook.com\/madachkollegium\"]}]}<\/script>\n<!-- \/ Yoast SEO plugin. -->","yoast_head_json":{"title":"SZMK - .","robots":{"index":"index","follow":"follow","max-snippet":"max-snippet:-1","max-image-preview":"max-image-preview:large","max-video-preview":"max-video-preview:-1"},"canonical":"https:\/\/madachkollegium.hu\/index.php\/szmk\/","og_locale":"hu_HU","og_type":"article","og_title":"SZMK - .","og_description":"Sz\u00fcl\u0151i Munkak\u00f6z\u00f6ss\u00e9g 12.D. &#8211;\u00a0 Kutka Andrea 11.D. &#8211; M\u00e9sz\u00e1rosn\u00e9 Honti Hajnalka, Tak\u00e1csn\u00e9 Erdei M\u00f3nika 10.D. &#8211; Lakatosn\u00e9 Farkar Ren\u00e1ta, Medved J\u00f3zsef 9.D. &#8211; G\u00e1sp\u00e1r Barbara, W\u00e1gner Vivien Vikt\u00f3ria 9\/AJTP\u00a0 Ol\u00e1h Ilona, Urb\u00e1n Nagy Krisztina Pet\u0151fi &#8211;\u00a0 Par\u00e1di Norbert, M\u00e1rton M\u00f3nika","og_url":"https:\/\/madachkollegium.hu\/index.php\/szmk\/","og_site_name":".","article_publisher":"https:\/\/www.facebook.com\/madachkollegium","article_modified_time":"2025-11-04T08:39:44+00:00","twitter_card":"summary_large_image","twitter_misc":{"Becs\u00fclt olvas\u00e1si id\u0151":"1 perc"},"schema":{"@context":"https:\/\/schema.org","@graph":[{"@type":"WebPage","@id":"https:\/\/madachkollegium.hu\/index.php\/szmk\/","url":"https:\/\/madachkollegium.hu\/index.php\/szmk\/","name":"SZMK - .","isPartOf":{"@id":"https:\/\/madachkollegium.hu\/#website"},"datePublished":"2025-09-30T06:13:57+00:00","dateModified":"2025-11-04T08:39:44+00:00","breadcrumb":{"@id":"https:\/\/madachkollegium.hu\/index.php\/szmk\/#breadcrumb"},"inLanguage":"hu","potentialAction":[{"@type":"ReadAction","target":["https:\/\/madachkollegium.hu\/index.php\/szmk\/"]}]},{"@type":"BreadcrumbList","@id":"https:\/\/madachkollegium.hu\/index.php\/szmk\/#breadcrumb","itemListElement":[{"@type":"ListItem","position":1,"name":"Kezd\u0151lap","item":"https:\/\/madachkollegium.hu\/"},{"@type":"ListItem","position":2,"name":"SZMK"}]},{"@type":"WebSite","@id":"https:\/\/madachkollegium.hu\/#website","url":"https:\/\/madachkollegium.hu\/","name":"www.madachkollegium.hu","description":"","publisher":{"@id":"https:\/\/madachkollegium.hu\/#organization"},"potentialAction":[{"@type":"SearchAction","target":{"@type":"EntryPoint","urlTemplate":"https:\/\/madachkollegium.hu\/?s={search_term_string}"},"query-input":{"@type":"PropertyValueSpecification","valueRequired":true,"valueName":"search_term_string"}}],"inLanguage":"hu"},{"@type":"Organization","@id":"https:\/\/madachkollegium.hu\/#organization","name":"Mad\u00e1ch Koll\u00e9gium Balassagyarmat","url":"https:\/\/madachkollegium.hu\/","logo":{"@type":"ImageObject","inLanguage":"hu","@id":"https:\/\/madachkollegium.hu\/#\/schema\/logo\/image\/","url":"https:\/\/madachkollegium.hu\/wp-content\/uploads\/2021\/10\/cropped-cimer4_160x160.jpg","contentUrl":"https:\/\/madachkollegium.hu\/wp-content\/uploads\/2021\/10\/cropped-cimer4_160x160.jpg","width":160,"height":160,"caption":"Mad\u00e1ch Koll\u00e9gium Balassagyarmat"},"image":{"@id":"https:\/\/madachkollegium.hu\/#\/schema\/logo\/image\/"},"sameAs":["https:\/\/www.facebook.com\/madachkollegium"]}]}},"_links":{"self":[{"href":"https:\/\/madachkollegium.hu\/index.php\/wp-json\/wp\/v2\/pages\/3005","targetHints":{"allow":["GET"]}}],"collection":[{"href":"https:\/\/madachkollegium.hu\/index.php\/wp-json\/wp\/v2\/pages"}],"about":[{"href":"https:\/\/madachkollegium.hu\/index.php\/wp-json\/wp\/v2\/types\/page"}],"author":[{"embeddable":true,"href":"https:\/\/madachkollegium.hu\/index.php\/wp-json\/wp\/v2\/users\/1"}],"replies":[{"embeddable":true,"href":"https:\/\/madachkollegium.hu\/index.php\/wp-json\/wp\/v2\/comments?post=3005"}],"version-history":[{"count":10,"href":"https:\/\/madachkollegium.hu\/index.php\/wp-json\/wp\/v2\/pages\/3005\/revisions"}],"predecessor-version":[{"id":3018,"href":"https:\/\/madachkollegium.hu\/index.php\/wp-json\/wp\/v2\/pages\/3005\/revisions\/3018"}],"wp:attachment":[{"href":"https:\/\/madachkollegium.hu\/index.php\/wp-json\/wp\/v2\/media?parent=3005"}],"curies":[{"name":"wp","href":"https:\/\/api.w.org\/{rel}","templated":true}]}}