{"id":46,"date":"2021-10-17T12:13:21","date_gmt":"2021-10-17T12:13:21","guid":{"rendered":"http:\/\/madachkollegium.hu\/?page_id=46"},"modified":"2021-10-17T12:13:21","modified_gmt":"2021-10-17T12:13:21","slug":"a-kollegium-targyi-feltetelrendszere","status":"publish","type":"page","link":"https:\/\/madachkollegium.hu\/index.php\/a-kollegium-targyi-feltetelrendszere\/","title":{"rendered":"A koll\u00e9gium t\u00e1rgyi felt\u00e9telrendszere"},"content":{"rendered":"\t\t<div data-elementor-type=\"wp-page\" data-elementor-id=\"46\" class=\"elementor elementor-46\" data-elementor-post-type=\"page\">\n\t\t\t\t\t\t<section class=\"elementor-section elementor-top-section elementor-element elementor-element-b9ad725 elementor-section-boxed elementor-section-height-default elementor-section-height-default\" data-id=\"b9ad725\" data-element_type=\"section\">\n\t\t\t\t\t\t<div class=\"elementor-container elementor-column-gap-default\">\n\t\t\t\t\t<div class=\"elementor-column elementor-col-100 elementor-top-column elementor-element elementor-element-2363744\" data-id=\"2363744\" data-element_type=\"column\">\n\t\t\t<div class=\"elementor-widget-wrap elementor-element-populated\">\n\t\t\t\t\t\t<div class=\"elementor-element elementor-element-aa19066 elementor-widget elementor-widget-text-editor\" data-id=\"aa19066\" data-element_type=\"widget\" data-widget_type=\"text-editor.default\">\n\t\t\t\t<div class=\"elementor-widget-container\">\n\t\t\t\t\t\t\t\t\t<p>A Mad\u00e1ch Imre Koll\u00e9gium jelenleg az 1983-ban \u00e1tadott, 200 f\u0151re tervezett \u00e9p\u00fcletben m\u0171k\u00f6dik.<\/p><p>Az \u00e9p\u00fclet jellemz\u0151i<\/p><p>\u00d6tszintes, lapos tet\u0151s \u00e9p\u00fclet, melynek minden szintje a tanul\u00f3k elhelyez\u00e9s\u00e9re szolg\u00e1l, ezeken k\u00f6z\u00f6s mosd\u00f3, zuhanyz\u00f3, WC, h\u0171t\u0151szekr\u00e9nyeknek kialak\u00edtott helyis\u00e9g tal\u00e1lhat\u00f3<\/p><p>Harmincf\u0151s tanul\u00f3helys\u00e9gek (6 db) egyedi b\u00fatorzattal felszereltek, 2008-ban vil\u00e1g\u00edt\u00e1s korszer\u0171s\u00edt\u00e9se is megt\u00f6rt\u00e9nt.<\/p><p>K\u00f6zel 4000 k\u00f6tetes k\u00f6nyvt\u00e1r \u00e9s olvas\u00f3terem.<\/p><p>A k\u00f6nyvt\u00e1rban tal\u00e1lhat\u00f3 pian\u00edn\u00f3 tov\u00e1bbi lehet\u0151s\u00e9get ny\u00fajt a m\u0171vel\u0151d\u0151 fiataljainknak.<\/p><p>37 darab hanghordoz\u00f3, cd \u00e9s videokazetta.<\/p><p>Korszer\u0171, 25 \u00e9s 12 g\u00e9pes internetes sz\u00e1m\u00edt\u00e1stechnikai termek telep\u00edtett nyelvi programmal (Mentors), a sz\u00fcks\u00e9ges szakirodalommal<\/p><p>A sz\u00e1m\u00edt\u00e1stechnikai termek a di\u00e1kok \u00e9rdekl\u0151d\u00e9si ter\u00fclet\u00e9nek kiel\u00e9g\u00edt\u00e9s\u00e9n k\u00edv\u00fcl hat\u00e9konyan seg\u00edtik a nyelvtanul\u00e1s mellett az ECDL vizsga k\u00f6vetelm\u00e9nyeinek teljes\u00edt\u00e9s\u00e9t is (szakk\u00e9pzett fel\u00fcgyelet, sz\u00fcks\u00e9ges irodalom, audiovizu\u00e1lis eszk\u00f6z\u00f6k, f\u00e9nym\u00e1sol\u00f3 stb.)<\/p><p>60 f\u0151 befogad\u00e1s\u00e1ra alkalmas klubhelyis\u00e9g\u00fcnkben biztos\u00edtottak a felt\u00e9telek a kultur\u00e1lt szabadid\u0151 elt\u00f6lt\u00e9shez (h\u00e1zimozi rendszer, hifi berendez\u00e9s, projektoros, nagy k\u00e9perny\u0151s telev\u00edzi\u00f3).<\/p><p>Az elm\u00falt \u00e9vekben alak\u00edtottuk ki a j\u00e1t\u00e9ktermet is, amelyben pr\u00f3b\u00e1ltunk alkalmazkodni a di\u00e1ks\u00e1g ig\u00e9nyeihez, kedvelt id\u0151t\u00f6lt\u00e9seihez (bili\u00e1rdasztal, rexasztal, asztali foci, ping-pong asztal).<\/p><p>Sportol\u00e1si lehet\u0151s\u00e9get k\u00edn\u00e1l a fel\u00faj\u00edtott salakos k\u00e9zilabda p\u00e1lya, kett\u0151 salakos teniszp\u00e1lya, egy bitumenes kos\u00e1rlabda p\u00e1lya fel\u00faj\u00edtott pal\u00e1nkokkal, gy\u0171r\u0171kkel, valamint egy streetball p\u00e1lya tal\u00e1lhat\u00f3.<\/p><p>Sz\u00e9pen parkos\u00edtott, padokkal, asztalokkal felszerelt udvar biztos\u00edt pihen\u00e9sre, kikapcsol\u00f3d\u00e1sra kultur\u00e1lt k\u00f6rnyezetet.<\/p><p>T\u00e9li id\u0151szakban modern eszk\u00f6z\u00f6kkel ell\u00e1tott kondicion\u00e1l\u00f3 terem \u00e1ll a fi\u00fak rendelkez\u00e9s\u00e9re. A l\u00e1nyok r\u00e9sz\u00e9re edz\u0151 szoba ker\u00fclt kialak\u00edt\u00e1sra (fut\u00f3pad, elliptikus s\u00e9t\u00e1l\u00f3k, evez\u0151 padok, szoba ker\u00e9kp\u00e1rok).<\/p><p>Int\u00e9zm\u00e9ny\u00fcnk 70 garnit\u00fara komplett s\u00edfelszerel\u00e9ssel rendelkezik, amelynek seg\u00edts\u00e9g\u00e9vel di\u00e1kjainknak lehet\u0151s\u00e9ge van e nagyszer\u0171 sport m\u0171vel\u00e9s\u00e9re.<\/p><p>15 db ker\u00e9kp\u00e1rt is v\u00e1s\u00e1roltunk az elm\u00falt \u00e9vben, a t\u00far\u00e1z\u00f3k nagy \u00f6r\u00f6m\u00e9re. Tov\u00e1bbi 20 db-ot szeretn\u00e9k v\u00e1s\u00e1rolni, hogy egy teljes csoportnak tudjunk t\u00far\u00e1t szervezni.<\/p><p>Az \u00e9p\u00fclet f\u00f6ldszintj\u00e9n 110 f\u0151 egyszeri befogad\u00e1s\u00e1ra berendezett eb\u00e9dl\u0151 m\u0171k\u00f6dik. Az \u00e9tkez\u0151k nyilv\u00e1ntart\u00e1sa sz\u00e1m\u00edt\u00f3g\u00e9pes program seg\u00edts\u00e9g\u00e9vel, plasztik k\u00e1rtya ig\u00e9nybev\u00e9tel\u00e9vel m\u0171k\u00f6dik.<\/p><p>2007 \u00e9vben ki\u00e9p\u00edt\u00e9sre ker\u00fclt az \u00e9p\u00fclet biztons\u00e1gi rendszere (szem\u00e9lyi k\u00f3dos).<\/p><p>2011-ben elektromos ki- \u00e9s bel\u00e9ptet\u0151 rendszert alak\u00edtottunk ki.<\/p><p>Telefonh\u00e1l\u00f3zatunk haszn\u00e1lata is korszer\u0171s\u00edt\u00e9sre ker\u00fclt. A hivatalos \u00e9s mag\u00e1njelleg\u0171 besz\u00e9lget\u00e9sek sz\u00e1m\u00edt\u00f3g\u00e9pes program alapj\u00e1n egy\u00e9rtelm\u0171en sz\u00e9tv\u00e1laszthat\u00f3k.<\/p><p>Nevel\u0151tan\u00e1rainknak laptoppal felszerelt k\u00fcl\u00f6n szoba \u00e1ll rendelkez\u00e9s\u00e9re, biztos\u00edtva a zavartalan munka felt\u00e9teleit, ezzel is tudtuk a bels\u0151 kommunik\u00e1ci\u00f3 hat\u00e9konys\u00e1g\u00e1t n\u00f6velni.<\/p><p>Egy\u00e9b helyis\u00e9gek: vend\u00e9gszob\u00e1k, irod\u00e1k, jav\u00edt\u00f3 m\u0171hely, rakt\u00e1rak, stb.<\/p><p>Pet- palack t\u00f6m\u00f6r\u00edt\u0151ket szerelt\u00fcnk fel szintenk\u00e9nt a szelekt\u00edv hullad\u00e9kgy\u0171jt\u00e9s el\u0151seg\u00edt\u00e9s\u00e9re.<\/p><p>Az \u00e9p\u00fclet adotts\u00e1gait tekintve megfelel a koll\u00e9giumi c\u00e9loknak, hiszen eredetileg is annak tervezt\u00e9k. A ny\u00edl\u00e1sz\u00e1r\u00f3kat siker\u00fclt 2010-ben p\u00e1ly\u00e1zatb\u00f3l kicser\u00e9lni. A h\u0151szigetel\u00e9st teljess\u00e9 tenn\u00e9 egy k\u00fcls\u0151 szigetel\u00e9s, ami jelent\u0151s f\u0171t\u00e9s-k\u00f6lts\u00e9g megtakar\u00edt\u00e1st jelentene.<\/p><p>A hagyom\u00e1nyoknak megfelel\u0151en helyt adunk a v\u00e1ros \u00e9s a megye int\u00e9zm\u00e9nyeinek a k\u00fcl\u00f6nb\u00f6z\u0151 sportrendezv\u00e9nyeihez, valamint egy\u00e9b a helyi k\u00f6z\u00f6ss\u00e9gi \u00e9letet is fellend\u00edt\u0151-fesztiv\u00e1lok \u00e9s t\u00e1borok lebonyol\u00edt\u00e1s\u00e1hoz.<\/p>\t\t\t\t\t\t\t\t<\/div>\n\t\t\t\t<\/div>\n\t\t\t\t\t<\/div>\n\t\t<\/div>\n\t\t\t\t\t<\/div>\n\t\t<\/section>\n\t\t\t\t<\/div>\n\t\t","protected":false},"excerpt":{"rendered":"<p>A Mad\u00e1ch Imre Koll\u00e9gium jelenleg az 1983-ban \u00e1tadott, 200 f\u0151re tervezett \u00e9p\u00fcletben m\u0171k\u00f6dik. Az \u00e9p\u00fclet jellemz\u0151i \u00d6tszintes, lapos tet\u0151s \u00e9p\u00fclet, melynek minden szintje a tanul\u00f3k elhelyez\u00e9s\u00e9re szolg\u00e1l, ezeken k\u00f6z\u00f6s mosd\u00f3, zuhanyz\u00f3, WC, h\u0171t\u0151szekr\u00e9nyeknek kialak\u00edtott helyis\u00e9g tal\u00e1lhat\u00f3 Harmincf\u0151s tanul\u00f3helys\u00e9gek (6 db) egyedi b\u00fatorzattal felszereltek, 2008-ban vil\u00e1g\u00edt\u00e1s korszer\u0171s\u00edt\u00e9se is megt\u00f6rt\u00e9nt. K\u00f6zel 4000 k\u00f6tetes k\u00f6nyvt\u00e1r \u00e9s olvas\u00f3terem. A [&hellip;]<\/p>\n","protected":false},"author":1,"featured_media":0,"parent":0,"menu_order":0,"comment_status":"closed","ping_status":"closed","template":"","meta":{"footnotes":""},"class_list":["post-46","page","type-page","status-publish","hentry"],"yoast_head":"<!-- This site is optimized with the Yoast SEO plugin v26.6 - https:\/\/yoast.com\/wordpress\/plugins\/seo\/ -->\n<title>A koll\u00e9gium t\u00e1rgyi felt\u00e9telrendszere - .<\/title>\n<meta name=\"robots\" content=\"index, follow, max-snippet:-1, max-image-preview:large, max-video-preview:-1\" \/>\n<link rel=\"canonical\" href=\"https:\/\/madachkollegium.hu\/index.php\/a-kollegium-targyi-feltetelrendszere\/\" \/>\n<meta property=\"og:locale\" content=\"hu_HU\" \/>\n<meta property=\"og:type\" content=\"article\" \/>\n<meta property=\"og:title\" content=\"A koll\u00e9gium t\u00e1rgyi felt\u00e9telrendszere - .\" \/>\n<meta property=\"og:description\" content=\"A Mad\u00e1ch Imre Koll\u00e9gium jelenleg az 1983-ban \u00e1tadott, 200 f\u0151re tervezett \u00e9p\u00fcletben m\u0171k\u00f6dik. Az \u00e9p\u00fclet jellemz\u0151i \u00d6tszintes, lapos tet\u0151s \u00e9p\u00fclet, melynek minden szintje a tanul\u00f3k elhelyez\u00e9s\u00e9re szolg\u00e1l, ezeken k\u00f6z\u00f6s mosd\u00f3, zuhanyz\u00f3, WC, h\u0171t\u0151szekr\u00e9nyeknek kialak\u00edtott helyis\u00e9g tal\u00e1lhat\u00f3 Harmincf\u0151s tanul\u00f3helys\u00e9gek (6 db) egyedi b\u00fatorzattal felszereltek, 2008-ban vil\u00e1g\u00edt\u00e1s korszer\u0171s\u00edt\u00e9se is megt\u00f6rt\u00e9nt. K\u00f6zel 4000 k\u00f6tetes k\u00f6nyvt\u00e1r \u00e9s olvas\u00f3terem. A [&hellip;]\" \/>\n<meta property=\"og:url\" content=\"https:\/\/madachkollegium.hu\/index.php\/a-kollegium-targyi-feltetelrendszere\/\" \/>\n<meta property=\"og:site_name\" content=\".\" \/>\n<meta property=\"article:publisher\" content=\"https:\/\/www.facebook.com\/madachkollegium\" \/>\n<meta name=\"twitter:card\" content=\"summary_large_image\" \/>\n<meta name=\"twitter:label1\" content=\"Becs\u00fclt olvas\u00e1si id\u0151\" \/>\n\t<meta name=\"twitter:data1\" content=\"4 perc\" \/>\n<script type=\"application\/ld+json\" class=\"yoast-schema-graph\">{\"@context\":\"https:\/\/schema.org\",\"@graph\":[{\"@type\":\"WebPage\",\"@id\":\"https:\/\/madachkollegium.hu\/index.php\/a-kollegium-targyi-feltetelrendszere\/\",\"url\":\"https:\/\/madachkollegium.hu\/index.php\/a-kollegium-targyi-feltetelrendszere\/\",\"name\":\"A koll\u00e9gium t\u00e1rgyi felt\u00e9telrendszere - .\",\"isPartOf\":{\"@id\":\"https:\/\/madachkollegium.hu\/#website\"},\"datePublished\":\"2021-10-17T12:13:21+00:00\",\"breadcrumb\":{\"@id\":\"https:\/\/madachkollegium.hu\/index.php\/a-kollegium-targyi-feltetelrendszere\/#breadcrumb\"},\"inLanguage\":\"hu\",\"potentialAction\":[{\"@type\":\"ReadAction\",\"target\":[\"https:\/\/madachkollegium.hu\/index.php\/a-kollegium-targyi-feltetelrendszere\/\"]}]},{\"@type\":\"BreadcrumbList\",\"@id\":\"https:\/\/madachkollegium.hu\/index.php\/a-kollegium-targyi-feltetelrendszere\/#breadcrumb\",\"itemListElement\":[{\"@type\":\"ListItem\",\"position\":1,\"name\":\"Kezd\u0151lap\",\"item\":\"https:\/\/madachkollegium.hu\/\"},{\"@type\":\"ListItem\",\"position\":2,\"name\":\"A koll\u00e9gium t\u00e1rgyi felt\u00e9telrendszere\"}]},{\"@type\":\"WebSite\",\"@id\":\"https:\/\/madachkollegium.hu\/#website\",\"url\":\"https:\/\/madachkollegium.hu\/\",\"name\":\"www.madachkollegium.hu\",\"description\":\"\",\"publisher\":{\"@id\":\"https:\/\/madachkollegium.hu\/#organization\"},\"potentialAction\":[{\"@type\":\"SearchAction\",\"target\":{\"@type\":\"EntryPoint\",\"urlTemplate\":\"https:\/\/madachkollegium.hu\/?s={search_term_string}\"},\"query-input\":{\"@type\":\"PropertyValueSpecification\",\"valueRequired\":true,\"valueName\":\"search_term_string\"}}],\"inLanguage\":\"hu\"},{\"@type\":\"Organization\",\"@id\":\"https:\/\/madachkollegium.hu\/#organization\",\"name\":\"Mad\u00e1ch Koll\u00e9gium Balassagyarmat\",\"url\":\"https:\/\/madachkollegium.hu\/\",\"logo\":{\"@type\":\"ImageObject\",\"inLanguage\":\"hu\",\"@id\":\"https:\/\/madachkollegium.hu\/#\/schema\/logo\/image\/\",\"url\":\"https:\/\/madachkollegium.hu\/wp-content\/uploads\/2021\/10\/cropped-cimer4_160x160.jpg\",\"contentUrl\":\"https:\/\/madachkollegium.hu\/wp-content\/uploads\/2021\/10\/cropped-cimer4_160x160.jpg\",\"width\":160,\"height\":160,\"caption\":\"Mad\u00e1ch Koll\u00e9gium Balassagyarmat\"},\"image\":{\"@id\":\"https:\/\/madachkollegium.hu\/#\/schema\/logo\/image\/\"},\"sameAs\":[\"https:\/\/www.facebook.com\/madachkollegium\"]}]}<\/script>\n<!-- \/ Yoast SEO plugin. -->","yoast_head_json":{"title":"A koll\u00e9gium t\u00e1rgyi felt\u00e9telrendszere - .","robots":{"index":"index","follow":"follow","max-snippet":"max-snippet:-1","max-image-preview":"max-image-preview:large","max-video-preview":"max-video-preview:-1"},"canonical":"https:\/\/madachkollegium.hu\/index.php\/a-kollegium-targyi-feltetelrendszere\/","og_locale":"hu_HU","og_type":"article","og_title":"A koll\u00e9gium t\u00e1rgyi felt\u00e9telrendszere - .","og_description":"A Mad\u00e1ch Imre Koll\u00e9gium jelenleg az 1983-ban \u00e1tadott, 200 f\u0151re tervezett \u00e9p\u00fcletben m\u0171k\u00f6dik. Az \u00e9p\u00fclet jellemz\u0151i \u00d6tszintes, lapos tet\u0151s \u00e9p\u00fclet, melynek minden szintje a tanul\u00f3k elhelyez\u00e9s\u00e9re szolg\u00e1l, ezeken k\u00f6z\u00f6s mosd\u00f3, zuhanyz\u00f3, WC, h\u0171t\u0151szekr\u00e9nyeknek kialak\u00edtott helyis\u00e9g tal\u00e1lhat\u00f3 Harmincf\u0151s tanul\u00f3helys\u00e9gek (6 db) egyedi b\u00fatorzattal felszereltek, 2008-ban vil\u00e1g\u00edt\u00e1s korszer\u0171s\u00edt\u00e9se is megt\u00f6rt\u00e9nt. K\u00f6zel 4000 k\u00f6tetes k\u00f6nyvt\u00e1r \u00e9s olvas\u00f3terem. A [&hellip;]","og_url":"https:\/\/madachkollegium.hu\/index.php\/a-kollegium-targyi-feltetelrendszere\/","og_site_name":".","article_publisher":"https:\/\/www.facebook.com\/madachkollegium","twitter_card":"summary_large_image","twitter_misc":{"Becs\u00fclt olvas\u00e1si id\u0151":"4 perc"},"schema":{"@context":"https:\/\/schema.org","@graph":[{"@type":"WebPage","@id":"https:\/\/madachkollegium.hu\/index.php\/a-kollegium-targyi-feltetelrendszere\/","url":"https:\/\/madachkollegium.hu\/index.php\/a-kollegium-targyi-feltetelrendszere\/","name":"A koll\u00e9gium t\u00e1rgyi felt\u00e9telrendszere - .","isPartOf":{"@id":"https:\/\/madachkollegium.hu\/#website"},"datePublished":"2021-10-17T12:13:21+00:00","breadcrumb":{"@id":"https:\/\/madachkollegium.hu\/index.php\/a-kollegium-targyi-feltetelrendszere\/#breadcrumb"},"inLanguage":"hu","potentialAction":[{"@type":"ReadAction","target":["https:\/\/madachkollegium.hu\/index.php\/a-kollegium-targyi-feltetelrendszere\/"]}]},{"@type":"BreadcrumbList","@id":"https:\/\/madachkollegium.hu\/index.php\/a-kollegium-targyi-feltetelrendszere\/#breadcrumb","itemListElement":[{"@type":"ListItem","position":1,"name":"Kezd\u0151lap","item":"https:\/\/madachkollegium.hu\/"},{"@type":"ListItem","position":2,"name":"A koll\u00e9gium t\u00e1rgyi felt\u00e9telrendszere"}]},{"@type":"WebSite","@id":"https:\/\/madachkollegium.hu\/#website","url":"https:\/\/madachkollegium.hu\/","name":"www.madachkollegium.hu","description":"","publisher":{"@id":"https:\/\/madachkollegium.hu\/#organization"},"potentialAction":[{"@type":"SearchAction","target":{"@type":"EntryPoint","urlTemplate":"https:\/\/madachkollegium.hu\/?s={search_term_string}"},"query-input":{"@type":"PropertyValueSpecification","valueRequired":true,"valueName":"search_term_string"}}],"inLanguage":"hu"},{"@type":"Organization","@id":"https:\/\/madachkollegium.hu\/#organization","name":"Mad\u00e1ch Koll\u00e9gium Balassagyarmat","url":"https:\/\/madachkollegium.hu\/","logo":{"@type":"ImageObject","inLanguage":"hu","@id":"https:\/\/madachkollegium.hu\/#\/schema\/logo\/image\/","url":"https:\/\/madachkollegium.hu\/wp-content\/uploads\/2021\/10\/cropped-cimer4_160x160.jpg","contentUrl":"https:\/\/madachkollegium.hu\/wp-content\/uploads\/2021\/10\/cropped-cimer4_160x160.jpg","width":160,"height":160,"caption":"Mad\u00e1ch Koll\u00e9gium Balassagyarmat"},"image":{"@id":"https:\/\/madachkollegium.hu\/#\/schema\/logo\/image\/"},"sameAs":["https:\/\/www.facebook.com\/madachkollegium"]}]}},"_links":{"self":[{"href":"https:\/\/madachkollegium.hu\/index.php\/wp-json\/wp\/v2\/pages\/46","targetHints":{"allow":["GET"]}}],"collection":[{"href":"https:\/\/madachkollegium.hu\/index.php\/wp-json\/wp\/v2\/pages"}],"about":[{"href":"https:\/\/madachkollegium.hu\/index.php\/wp-json\/wp\/v2\/types\/page"}],"author":[{"embeddable":true,"href":"https:\/\/madachkollegium.hu\/index.php\/wp-json\/wp\/v2\/users\/1"}],"replies":[{"embeddable":true,"href":"https:\/\/madachkollegium.hu\/index.php\/wp-json\/wp\/v2\/comments?post=46"}],"version-history":[{"count":0,"href":"https:\/\/madachkollegium.hu\/index.php\/wp-json\/wp\/v2\/pages\/46\/revisions"}],"wp:attachment":[{"href":"https:\/\/madachkollegium.hu\/index.php\/wp-json\/wp\/v2\/media?parent=46"}],"curies":[{"name":"wp","href":"https:\/\/api.w.org\/{rel}","templated":true}]}}